 digit of h?
8
Let g(m) = -2*m + 2*m + 6 - 3*m. Let y be g(-11). Suppose -9 = 5*p - 5*r - y, 3*r = 2*p - 11. What is the units digit of p?
7
Let n = -112 + 160. Suppose 3*z = 6*z - n. Suppose s + 5 = z. What is the tens digit of s?
1
What is the units digit of (-2)/(-3)*315/10?
1
Let h(r) = -r**2 - 3*r + 6. Let n be h(-6). Let z = 17 + n. What is the units digit of z?
5
Let f(d) = -2*d**2 + d - 1. Let h(p) = -1. Let n(a) = -f(a) + 3*h(a). What is the units digit of n(3)?
3
Let x = -29 + 115. What is the tens digit of x?
8
Let r(c) = -c**3 + 11*c**2 - 9*c - 2. Let i be r(10). Suppose n - 11 - i = 0. What is the units digit of n?
9
Suppose h = g - 24, 4*h - 5*h = -5*g + 104. What is the tens digit of g?
2
Let g(m) = -11*m**3 - m**2. Let n be g(1). Suppose 3*f - 16 = -5*h, -4 = f + 2*f - 5*h. What is the units digit of (n*1/(-2))/f?
3
Suppose -4 = -2*m + z, 0*m - z = -m. Suppose 0*x = -m*x + 28. Let o = x + -4. What is the units digit of o?
3
Suppose 5*p - 4*c = -2*c - 58, -2*c = 2*p + 26. Let z = p + 23. What is the tens digit of z?
1
Let c = 248 + -34. What is the tens digit of c?
1
Suppose 0 = -4*t + 8, 0 = l - 4*l + 4*t - 29. Let u(c) = -c - 2. What is the units digit of u(l)?
5
Suppose -5*i + 15 + 0 = 0. Let g be (-28)/6 - (-2)/i. Let j = 0 - g. What is the units digit of j?
4
Suppose 5*u + 9 + 136 = 0. Let q = u - -59. What is the units digit of q?
0
Let p be 26 + 5/((-10)/4). Suppose -v = -5*f - 63, p = -3*v - 4*f + 156. Suppose -v = -5*l - g, 24 = 4*l - 0*l - 4*g. What is the units digit of l?
9
Let y = 8 - 2. What is the units digit of y?
6
Suppose 0 = -r + 3*r - 10. Suppose -2*s = r*o - s - 183, 5*o - s = 187. What is the units digit of o?
7
What is the units digit of (3 + 1)*-1 + 67?
3
Let l be -3 + 3 - (-2 + 6). Let m = 9 + l. What is the units digit of m?
5
Suppose 2*t + 3 + 1 = 0. Let c(o) = -4*o. What is the units digit of c(t)?
8
Let j(u) = -u**2 + 8*u. Let x be j(8). What is the tens digit of x - (1 - 25)*1?
2
Let t = -226 + 559. What is the hundreds digit of t?
3
Let b be (-156)/27 - 2/9. What is the units digit of 25 + (b - -3) + 5?
7
Suppose 0 = -3*f + 6 + 3. Suppose f*o + o + 4 = 0, -x + 2*o = -12. What is the units digit of 58/x + 7/35?
6
Let d(l) = l**2 - 3 + 2 - 3 + 6 - 5*l. What is the units digit of d(5)?
2
Let c(s) = 2*s**2 + 23*s + 7. What is the tens digit of c(-18)?
4
Let v(l) = l**3 - 7*l**2 + 6*l + 7. What is the units digit of v(6)?
7
Suppose 5*n = 3*f + 73, -2*f + 7 - 33 = -2*n. Let y = -14 + n. What is the units digit of y?
3
Let q(t) = t**2 - 7*t. Let a be q(7). What is the tens digit of 16 + a/2 + -3?
1
Let v(n) = 3*n**2 - 2*n - 1. Let w be v(-1). Let c = w - 3. What is the units digit of c?
1
Suppose 4*l + 8 = -0*l. Let u(f) = 21*f**2 + 2*f - 2. Let t be u(l). What is the units digit of t/4*6/9?
3
Let w(u) = -u**3 - 10*u**2 + 12*u + 12. Let l be w(-11). What is the units digit of -2 - (-18 - l - -1)?
6
Let a(z) = 75*z**2 + z. Let y be a(-1). Suppose -4*h + y + 18 = 0. What is the units digit of h?
3
Let f be ((-2)/2 - -2)*2. Suppose -2*n - f*r = -n + 5, -3*r - 11 = -2*n. What is the units digit of n?
1
Let w = -10 - -102. What is the units digit of w?
2
Suppose -5*h + 10 = 0, 6*h = 5*c + 3*h - 609. What is the tens digit of c?
2
Suppose 4*z + 5*x - 37 = 3*z, -5*z + 5*x + 35 = 0. Suppose -5 + 3 = 2*q. Let a = q + z. What is the units digit of a?
1
Suppose 0 = -2*v + 4*x + 76, 5*v - 162 = -2*x - 2*x. Let a = -16 + v. Suppose 0 = 3*s + a - 48. What is the tens digit of s?
1
Let d be 1/(-3 - -1)*0. Suppose 2*q - y - 10 - 3 = d, y = -3*q + 22. What is the units digit of q?
7
Let w(c) = -c**2 - 4*c + 5. Let t be w(-5). Let y be -1 + (t - 1 - 5). Let b(m) = -m**2 - 7*m + 9. What is the units digit of b(y)?
9
Let l(y) = -y**2 - y + 2. Let n be l(-3). Let p = n + 3. Let a = 2 + p. What is the units digit of a?
1
Let a = 67 - 43. Suppose i + a = 4*i. What is the units digit of (0 - 8)*(-6)/i?
6
Let n = -6 - -1. Let s(y) be the second derivative of y**4/12 + 2*y**3/3 - y**2 - y. What is the units digit of s(n)?
3
Suppose 0*f = 7*f - 7. What is the units digit of f?
1
Suppose -3*i + 7 = 5*b, -i = i + 2. Let h be (-1 - 23)*1/(-2). What is the tens digit of (-1 - b/2) + h?
1
Suppose -m + f - 1 = -3, -12 = 4*f. Let r be (0*(-3)/(-6))/m. Suppose r*c = -4*c + 16. What is the units digit of c?
4
Suppose -17*o + 648 = -5*o. What is the units digit of o?
4
Let g(d) = d**2 + 10*d + 5. Let c be g(-9). What is the units digit of (-260)/(-12) + c/(-12)?
2
Let h(t) = 3*t**2 - 1. Suppose -4*g - 2*c - 2 = 0, 5*g + 4 = -0*g - 2*c. What is the units digit of h(g)?
1
Let k = 5 + 5. Let h be k/3*18/12. Suppose -3*c - h*x + 10 = 0, 2*c - x - 8 = -3*x. What is the units digit of c?
5
Suppose 5*b - 7 = 3. What is the units digit of ((-9)/b)/(2/(-4))?
9
Let j(w) = 2*w**2 + 15*w + 25. What is the units digit of j(-8)?
3
Let a = -81 + 117. What is the units digit of a?
6
Suppose 2*q + u + 19 = 3*q, 3*q - 2*u - 62 = 0. What is the tens digit of q?
2
Let g(q) = 7*q + 3. Let o be g(3). Suppose k - 4*k + o = 0. What is the units digit of k?
8
Suppose -3*g - 57 = 5*f, 4*f + 2*g + 24 = 5*g. Let l be -40 + (-3 - (0 - 1)). What is the units digit of l/(-4)*(-6)/f?
7
Let q = -6 - -2. Let t = q - -20. Suppose -t = -5*i + 39. What is the tens digit of i?
1
Let k(s) = -s**3 + 19*s**2 - 9*s - 10. Let q(w) = w**3 - 18*w**2 + 10*w + 10. Let o(g) = 5*k(g) + 6*q(g). What is the units digit of o(12)?
6
Let x(u) be the third derivative of -u**6/120 + u**5/10 - u**4/6 - 2*u**3/3 + 3*u**2. Let l be x(4). Let c = l + -5. What is the units digit of c?
7
Suppose -4*q = y - 5, q = -4*y + 5*y + 5. Suppose -2*f - 2 = 0, 3*f - q*f - 14 = -v. What is the units digit of v?
5
Let f(w) = -w**3 + 4*w**2 + 6*w - 3. Let n be f(5). Let i = n - 2. Suppose h + 0*h - 5*m = 2, -h - 2*m + 2 = i. What is the units digit of h?
2
Let u(o) = 3*o**3 - 5*o**2 - 6*o + 3. Let w(j) = 10*j**3 - 16*j**2 - 19*j + 9. Let c(f) = 7*u(f) - 2*w(f). Let b = 9 + -5. What is the units digit of c(b)?
3
Suppose 0 = -z - 3*t - 10, 0 = -z + 2*t + 2 + 8. Suppose -v = z*v - 63. What is the tens digit of v?
2
Let m(h) = -h**3 + 5*h**2 - 3*h - 3. Let o(x) = 0*x - 5 + 13 - x. Let a be o(5). What is the units digit of m(a)?
6
What is the units digit of -2 - ((-4 - -3) + -84)?
3
Suppose 3*p - 4 = -1. What is the tens digit of p/6 - (-137)/6?
2
Let l = -20 - -40. Suppose -10*o = -6*o - l. Suppose k - 24 = -3*k - 4*z, 5*k = o*z + 10. What is the units digit of k?
4
Let l be 14/((-9)/(-3) + -5). Let t = 9 + l. What is the units digit of t?
2
Let u(v) = -21*v**3 + 4*v - 3. Let q(k) = -21*k**3 + 3*k - 2. Let g(h) = -3*q(h) + 2*u(h). Let p be g(1). What is the units digit of 8/p*(1 + 9)?
4
Suppose 5*s + 2*o - 24 = -2*o, 4*s - o - 15 = 0. Suppose s*v - 15 = -v. Let y = 8 + v. What is the tens digit of y?
1
Let q(c) = c**2 + 4*c + 2. Let i be q(-5). What is the units digit of 4 + i - -4 - 0?
5
Suppose 229 = 2*u - 375. What is the tens digit of u?
0
Suppose 0 = -3*r - 4*t + 14, 2*t + 4 = t. What is the tens digit of r?
1
Let i(z) = -z**3 - 4*z**2 + 11*z + 3. What is the tens digit of i(-7)?
7
Suppose -4*d + 4 = -3*i, -5*i - 22 = 2*d - d. Let f = 7 + i. What is the tens digit of -14*(f - 81/21)?
1
Suppose -4*d + 5*h + 25 = 0, -h - 6 = d - 2*d. Suppose 30 = -4*v + 106. Suppose d*z = 1 + v. What is the units digit of z?
4
Let q be 1/(-2)*(-1 - -3). Let x = 1 - q. What is the units digit of (x/6)/(3/63)?
7
Suppose -5 = -2*f + 3*f. Let l = f + 8. What is the units digit of 6 - (-1 + l)/2?
5
Suppose -4*m + 44 = 260. Let n = -37 - m. Let w = n - 8. What is the units digit of w?
9
Let o be 1/4 - 9/4. What is the units digit of 2 - 20/8*o?
7
Let o = -27 + 46. What is the units digit of o?
9
Suppose 0 = -4*t - 4*j + 36, -5*t + 41 = 6*j - 2*j. Suppose 0 = -5*w + 3*y + 50, 0 = -4*w - y + t + 35. What is the tens digit of w?
1
Suppose 3*t = 12 - 30. Let o(k) = 3*k - 6 - 5*k - 2*k. What is the units digit of o(t)?
8
Let u = 19 + -11. What is the units digit of u?
8
Suppose 2*t - 3*d - 487 = -0*d, 2*t + 4*d = 466. What is the hundreds digit of t?
2
Suppose -5*j - 5*h - 26 + 6 = 0, h = 0. Let f = -4 - j. Suppose -2*s - 4*r = -5*s + 29, -5*s + r + 20 = f. What is the units digit of s?
3
Let r(v) = 6*v**3 - 3*v**2 + 4*v - 3. What is the 